et d = 3 - 8. Let w(u) = u + 12. Let x be w(-6). Let r(n) = 8 + n - x - 2. Calculate r(d).
-5
Let x(h) be the second derivative of h**3/6 - 11*h**2/2 - 2*h. Let u be 2/6 + 26/3. Let p be x(u). Let w(a) = a**3 + a**2 + a + 1. Calculate w(p).
-5
Let a = -1 - -2. Let f = a + -4. Let m(g) = 660 - 3*g - 660. Calculate m(f).
9
Let o(v) = 4*v**2 + 3*v - 3*v**2 - 3 + 2*v**2 - 5*v**2. Determine o(2).
-5
Let g(w) = 4*w + 2. Let a = -4 + 1. Let v(q) = 4*q + 3. Let y(x) = a*v(x) + 4*g(x). Let u be y(-1). Let o(m) = m**3 + 4*m**2 - 4*m + 1. Calculate o(u).
-4
Let f = -2 + -2. Let j(d) = d**2 + d + 1. Let s(v) = 4*v**2 + 7*v + 7. Let b(t) = 3*j(t) - s(t). What is b(f)?
-4
Let q be ((-12)/9)/(6/27). Let c(g) = g**2 + 6*g - 5. Calculate c(q).
-5
Let k(g) = -g + 5. Let y = 17 + -17. Suppose y*n = -3*n - 15. What is k(n)?
10
Let x(o) = 8*o**3 + o. Let d be (2/4)/(7/42). Suppose -4 = -d*c - 1. Calculate x(c).
9
Let d(x) = x**3 - 3*x**2 + x. Let r be d(3). Let u(k) be the first derivative of 4*k - 3 - 5/2*k**2 - 2/3*k**r. Determine u(-4).
-8
Let j(i) = -4*i**2 + 7*i - 5. Let c = 10 - 2. Let q(r) = 15 - 28*r**2 + 64*r**2 - 21*r - 25*r**2. Let d(a) = c*j(a) + 3*q(a). Give d(5).
-5
Let l(j) = -j**3 + j**2 + j + 1. Let x be l(-1). Let f(s) = -3*s**2 + 4*s**x - s - 9 + 2 + 3. Calculate f(0).
-4
Let j(v) = -15*v + 14*v + 6 - 3. Let u(w) = 1. Let d be -1*1 + 4 + 2. Let b(c) = d*u(c) - 2*j(c). What is b(3)?
5
Suppose 0*p - 3 = -3*p. Let j = 7 + -4. Let s(q) = q + q**2 + 5*q**3 - j*q**2 + 0*q**3 + q**3. Determine s(p).
5
Let j(u) = -u**3 - 7*u**2 + 8*u - 6. Let q be j(-8). Let x(l) = -2*l - 6. What is x(q)?
6
Suppose 3*g - c - 14 = 0, -4*c = -0*g - 3*g + 11. Let i(u) = -u**3 + 3*u**2 + 6*u + 7. Give i(g).
-13
Let j(f) = -3*f**2 - 12*f - 7. Let k(l) = -l**2 + l + 7. Let b be k(4). Let a(x) = -2*x**2 - 8*x - 5. Let o(h) = b*j(h) + 7*a(h). What is o(-3)?
-3
Let c(t) be the second derivative of t**3 + 3*t**2/2 - t. Suppose 2*l - 12 = 8*l. What is c(l)?
-9
Let y be (5 + (-2 - 0))*3. Let j be (2*1)/(y/18). Let z(a) = a**3 + 5*a**2 + 6*a - 1. Let o(w) = -w**3 - w**2 - w - 1. Let g(x) = -2*o(x) - z(x). What is g(j)?
3
Let l = -15 + 26. Let t = l - 8. Let y(w) = w - w - t + w. Determine y(3).
0
Let p(r) = -4 - 3*r**2 - r + 2*r**2 - 5*r. Let w be p(-5). Let t(z) be the third derivative of z**5/60 - z**4/8 + z**3/6 + z**2. Determine t(w).
-1
Let j be ((-8)/(-24))/((-1)/(-30)). Let a(g) = 5*g**2 + g - g**3 + 10 - j. Calculate a(5).
5
Let m = 22 + -23. Let g(c) = -18*c**2 - c - 1. Determine g(m).
-18
Let t = -2 - 0. Let c(a) be the first derivative of -2*a**3/3 - 15*a**2/2 - 4*a - 5. Let h(k) = k**2 + 7*k + 2. Let p(z) = -4*c(z) - 9*h(z). Give p(t).
0
Let g(n) be the second derivative of -n**3 - 3/2*n**2 + 0 + n. Let z be 4/(-6)*(2 - -1). Determine g(z).
9
Let b(o) = -o**3 - 6*o**2 + 10*o + 6. Let c(q) = -3*q - 58. Let v be c(-17). Give b(v).
-15
Let g(s) = -s**3 - 2*s + 1. Let a be g(2). Let p(h) = -h - 8. Give p(a).
3
Let s(k) be the second derivative of k**5/20 + k**4/12 + 4*k**3/3 + k**2/2 + k. Let u(v) = v**3 + 7*v. Let p(q) = 4*s(q) - 5*u(q). What is p(3)?
4
Let c(y) = y**2 - 6*y + 7. Let x(d) be the third derivative of d**3/6 + 2*d**2. Let m(q) = c(q) - 6*x(q). Give m(6).
1
Let k(m) = m**2 - 6*m - 9. Let g = 19 - 12. Give k(g).
-2
Suppose -7*v + 13 = 3*y - 3*v, 2*v + 10 = 4*y. Let a(d) = -2*d**3 + 0*d**y - 3*d**3. Let o be (2 - 2 - -2)/(-2). Calculate a(o).
5
Let b(q) = 0*q**2 + 1 - q - 2 - 4*q + q**2. Suppose -13 = -4*i + 3. What is b(i)?
-5
Let l be -5*(2*-1 + 1). Suppose -2*i - 3 = l. Let c = i + 3. Let d(q) = -5*q**3 + q**2. What is d(c)?
6
Let f(p) = -3 + 1 - 2*p**2 + 5 + 2*p. Give f(3).
-9
Let j(b) = -5*b**3 - 5*b**2 - 8*b + 5. Let o(c) = -5 + 12*c + 5*c**2 + 4*c**3 + 2*c - 7*c. Let k(u) = 5*j(u) + 6*o(u). Determine k(5).
5
Suppose 0 = 13*p - 9*p. Suppose p = -0*o - o + 5. Let d(v) = -3*v + 3. Determine d(o).
-12
Let o be (-66)/(-9) - 1/3. Let u(f) = -f**3 + 7*f**2 + f - 5. Let a be u(o). Let c(i) = i**2 + 2*i**a + i**2. Determine c(-1).
4
Let p(t) = t**2 + t + 3. Let a(d) = -9*d - 3. Let q be a(-4). Suppose -r = -s + 1, -5*s = 4*r - 2 + q. Give p(s).
9
Let y = -5 + 5. Let r(a) be the third derivative of -a**5/60 + a**4/24 - a**3/6 - 7*a**2. Calculate r(y).
-1
Let c(k) = -k**3 + 6*k**2 + 4. Suppose x = 2*j - 8, 3*j - x - 4 = 10. Give c(j).
4
Let s(u) = -u**2 - 4*u + 2. Let q be 3/((-12)/16) + -1. What is s(q)?
-3
Let a(q) = -q**3 + 2*q**3 + 76*q**2 + 3*q - 83*q**2. What is a(7)?
21
Let g(l) be the second derivative of -2*l - 1/2*l**2 + 0 + 1/3*l**3. Let r be (5 + 0)*(-2)/(-5). Calculate g(r).
3
Let h = 10 + -8. Suppose h*d = -0*d - 2. Let t(v) = -4*v**3 - 2*v**2 + 1. What is t(d)?
3
Let g be 76/(-95)*(-10)/4. Let r(m) be the third derivative of -m**6/120 - m**5/60 + m**4/24 + m**3/6 + m**2. What is r(g)?
-9
Let j(f) = -11*f**2 + 2*f - 8. Let l(o) = 5*o**2 - o + 4. Let t(m) = -6*j(m) - 13*l(m). Let i = 1 + -4. Calculate t(i).
2
Let k be 2/8 + 54/8. Let s(q) = k*q - 5*q**2 - 3 + 1 - 4. Let b(m) = -4*m**2 + 6*m - 5. Let d(w) = 4*b(w) - 3*s(w). What is d(4)?
-6
Let p(a) be the first derivative of -a**3/3 - 3*a**2/2 - a - 1. Suppose -4*k = 5*v - 9 - 21, -3*k - v = -17. Suppose -3*j - 4 = k. What is p(j)?
-1
Suppose -1 = 5*s + 14. Let h(q) = -3*q**2 + q**2 - 2 + q**2 - 3*q. Calculate h(s).
-2
Let r(d) = d**2 + 5*d - 6. Let y be ((-3)/6)/((-2)/8). Suppose 0 = b - y*b - 2*o + 2, 3*b = 5*o - 38. Determine r(b).
0
Let n be (-5)/10*(-1 - 9). Suppose 4*w - 4*q = -q + 17, 3*w - 49 = -5*q. Suppose 2*r - n*a + 17 = -w, -a + 5 = 5*r. Let c(d) = -d**3 - d**2 - 1. Determine c(r).
-1
Let f(a) = -3 + 5*a**2 - 6*a**2 - a + 0*a**2. Let c be f(0). Let s(d) = -2*d - 1. Calculate s(c).
5
Let j(l) = l + 1. Let i = 132 + -130. Calculate j(i).
3
Let q(s) = 1 + 0*s**3 - 5*s + 0*s**2 + s**3 + 4*s**2. Suppose d - 4*d + 24 = 0. Let x = d + -13. What is q(x)?
1
Let a(x) = x**2 - 8*x + 0*x**2 + 0 + 8 + 0*x**2. Give a(7).
1
Let j(m) = -m**2 + m + 3. Suppose 4 = 3*v - 5. Give j(v).
-3
Suppose -15 = -5*k, -3*k + 4*k = -5*g + 33. Let a(d) = d**2 - 5*d - 7. What is a(g)?
-1
Let k(r) = -3*r + 1. Let c = 56 + -58. Determine k(c).
7
Let g(p) = -2*p**2 - 3*p. Let q be g(-3). Let b be (-6)/(1/(6/q)). Let o be (2 - 0)/(b/2). Let u(n) = -2*n - 1. Give u(o).
-3
Let k(w) = 0*w**2 - 2 + 3 + w**2. Suppose 4*m = 0, 2*m + 2 = q - m. Suppose n = -q - 0. What is k(n)?
5
Let d(r) = r**2 - 6*r - 1. Let u(t) = t**2 + t - 1. Let k be u(-1). Let y(w) = w**2 - w + 1. Let q(x) = k*d(x) + 2*y(x). Calculate q(-4).
3
Let t(v) be the third derivative of 1/6*v**3 - 4*v**2 + 1/12*v**4 + 0 + 1/60*v**5 + 0*v. Give t(-2).
1
Let g = 2 - 2. Let x be (-2 - g/1) + 10. Let c be 6/x - (-2)/8. Let n(j) = j**2 + j - 1. What is n(c)?
1
Let a(j) = -3*j - 9. Let z be 0/(((-4)/(-1))/(-2)). Let k = z - 6. Determine a(k).
9
Let t(i) = 10*i**3 - 15*i**2 - i - 22. Let f(x) = 7*x**3 - 10*x**2 - x - 15. Let d(s) = 7*f(s) - 5*t(s). Determine d(4).
13
Let z(d) = 4*d**3 - 2*d**2 + 3*d + 16. Let c(x) = 3*x**3 - x**2 + 2*x + 16. Let r(j) = 3*c(j) - 2*z(j). What is r(0)?
16
Let p be (2 - -1)*(-2)/(-6). Let h(z) = 3*z - 2 + z**2 + p - 3. Determine h(-6).
14
Let v(t) = -6 - 6*t**2 + 6*t**2 - 9 - 7*t**2 - 17*t. Let u(x) = -10*x**2 - 25*x - 22. Let a(h) = -5*u(h) + 7*v(h). Calculate a(-4).
-3
Let p(l) = l**2 - 2*l + 1. Let y be p(1). Let t(d) = -d - 3. Calculate t(y).
-3
Let w be (3 + -2)*7/(28/8). Let x(p) = 3*p**2 - 4*p + 3. What is x(w)?
7
Let a(v) = -v**3 + 16*v**2 - 16*v + 12. Let f be a(15). Let k(y) = 2*y**2 + 3*y + 4. What is k(f)?
13
Let s = 193 + -193. Let p(y) = 4*y**2 - 2*y + 8. Let t(h) = -7*h**2 + 3*h - 16. Let x(v) = 5*p(v) + 3*t(v). Calculate x(s).
-8
Suppose -3*i - 4*s = -6*s - 8, 3*i - 1 = -5*s. Let c(p) = p**2 - 3*p + 4. Let u(v) = -v**2 + 4*v - 5. Let d(o) = -3*c(o) - 2*u(o). Give d(i).
-4
Let a(s) = s**3 + 7*s**2 + 4*s - 6. Let g = 12 + -18. What is a(g)?
6
Let b(h) be the first derivative of -h**4/4 + h**3 - h + 68. Determine b(2).
3
Suppose 2 = -2*j - 4, 2*j + 3 = 3*y. Let l(c) = 4*c**3 - 2*c**2 - 2*c - 1. What is l(y)?
-5
Let h(l) = l + 4. Let v be h(-7). Let t(g) = -g**2 - 6*g - 2. Determine t(v).
7
Let t(h) = -h**2 + 4*h + 1. Let d(x) = x**2 - 4*x. Let o(a) = -3*d(a) - 4*t(a). Calculate o(4).
-4
Let d(w) = 7*w - 3. Let n(i) = 2*i - 5*i +